[INFO] cloning repository https://github.com/adumbidiot/hekk
[INFO] running `Command { std: "git" "-c" "credential.helper=" "-c" "credential.helper=/workspace/cargo-home/bin/git-credential-null" "clone" "--bare" "https://github.com/adumbidiot/hekk" "/workspace/cache/git-repos/https%3A%2F%2Fgithub.com%2Fadumbidiot%2Fhekk", kill_on_drop: false }`
[INFO] [stderr] Cloning into bare repository '/workspace/cache/git-repos/https%3A%2F%2Fgithub.com%2Fadumbidiot%2Fhekk'...
[INFO] running `Command { std: "git" "rev-parse" "HEAD", kill_on_drop: false }`
[INFO] [stdout] cff1f680bb7949c00cdb3faa3f204907ec0975c2
[INFO] checking adumbidiot/hekk against try#72f88fc4e9458f89516a0b8b0868f3718aec5b47 for pr-74989
[INFO] running `Command { std: "git" "clone" "/workspace/cache/git-repos/https%3A%2F%2Fgithub.com%2Fadumbidiot%2Fhekk" "/workspace/builds/worker-0/source", kill_on_drop: false }`
[INFO] [stderr] Cloning into '/workspace/builds/worker-0/source'...
[INFO] [stderr] done.
[INFO] validating manifest of git repo https://github.com/adumbidiot/hekk on toolchain 72f88fc4e9458f89516a0b8b0868f3718aec5b47
[INFO] running `Command { std: "/workspace/cargo-home/bin/cargo" "+72f88fc4e9458f89516a0b8b0868f3718aec5b47" "read-manifest" "--manifest-path" "Cargo.toml", kill_on_drop: false }`
[INFO] started tweaking git repo https://github.com/adumbidiot/hekk
[INFO] finished tweaking git repo https://github.com/adumbidiot/hekk
[INFO] tweaked toml for git repo https://github.com/adumbidiot/hekk written to /workspace/builds/worker-0/source/Cargo.toml
[INFO] crate git repo https://github.com/adumbidiot/hekk already has a lockfile, it will not be regenerated
[INFO] running `Command { std: "/workspace/cargo-home/bin/cargo" "+72f88fc4e9458f89516a0b8b0868f3718aec5b47" "fetch" "--locked" "--manifest-path" "Cargo.toml", kill_on_drop: false }`
[INFO] [stderr]     Updating git repository `https://github.com/adumbidiot/iphlpapi-rs`
[INFO] running `Command { std: "docker" "create" "-v" "/var/lib/crater-agent-workspace/builds/worker-0/target:/opt/rustwide/target:rw,Z" "-v" "/var/lib/crater-agent-workspace/builds/worker-0/source:/opt/rustwide/workdir:ro,Z" "-v" "/var/lib/crater-agent-workspace/cargo-home:/opt/rustwide/cargo-home:ro,Z" "-v" "/var/lib/crater-agent-workspace/rustup-home:/opt/rustwide/rustup-home:ro,Z" "-e" "SOURCE_DIR=/opt/rustwide/workdir" "-e" "CARGO_TARGET_DIR=/opt/rustwide/target" "-e" "CARGO_HOME=/opt/rustwide/cargo-home" "-e" "RUSTUP_HOME=/opt/rustwide/rustup-home" "-w" "/opt/rustwide/workdir" "-m" "1610612736" "--user" "0:0" "--network" "none" "rustops/crates-build-env@sha256:d92eaeed33fa75130ca1ee6c8a01d1ffb62bac859dfdfb3450e3e5d1c0146529" "/opt/rustwide/cargo-home/bin/cargo" "+72f88fc4e9458f89516a0b8b0868f3718aec5b47" "metadata" "--no-deps" "--format-version=1", kill_on_drop: false }`
[INFO] [stdout] 1c4e481cfcb6d211b73b25c5985c5410756c012a5a460c5baa44e6931e4fd98c
[INFO] [stderr] WARNING: Your kernel does not support swap limit capabilities or the cgroup is not mounted. Memory limited without swap.
[INFO] running `Command { std: "docker" "start" "-a" "1c4e481cfcb6d211b73b25c5985c5410756c012a5a460c5baa44e6931e4fd98c", kill_on_drop: false }`
[INFO] running `Command { std: "docker" "inspect" "1c4e481cfcb6d211b73b25c5985c5410756c012a5a460c5baa44e6931e4fd98c", kill_on_drop: false }`
[INFO] running `Command { std: "docker" "rm" "-f" "1c4e481cfcb6d211b73b25c5985c5410756c012a5a460c5baa44e6931e4fd98c", kill_on_drop: false }`
[INFO] [stdout] 1c4e481cfcb6d211b73b25c5985c5410756c012a5a460c5baa44e6931e4fd98c
[INFO] running `Command { std: "docker" "create" "-v" "/var/lib/crater-agent-workspace/builds/worker-0/target:/opt/rustwide/target:rw,Z" "-v" "/var/lib/crater-agent-workspace/builds/worker-0/source:/opt/rustwide/workdir:ro,Z" "-v" "/var/lib/crater-agent-workspace/cargo-home:/opt/rustwide/cargo-home:ro,Z" "-v" "/var/lib/crater-agent-workspace/rustup-home:/opt/rustwide/rustup-home:ro,Z" "-e" "SOURCE_DIR=/opt/rustwide/workdir" "-e" "CARGO_TARGET_DIR=/opt/rustwide/target" "-e" "CARGO_INCREMENTAL=0" "-e" "RUST_BACKTRACE=full" "-e" "RUSTFLAGS=--cap-lints=forbid" "-e" "CARGO_HOME=/opt/rustwide/cargo-home" "-e" "RUSTUP_HOME=/opt/rustwide/rustup-home" "-w" "/opt/rustwide/workdir" "-m" "1610612736" "--user" "0:0" "--network" "none" "rustops/crates-build-env@sha256:d92eaeed33fa75130ca1ee6c8a01d1ffb62bac859dfdfb3450e3e5d1c0146529" "/opt/rustwide/cargo-home/bin/cargo" "+72f88fc4e9458f89516a0b8b0868f3718aec5b47" "check" "--frozen" "--all" "--all-targets" "--message-format=json", kill_on_drop: false }`
[INFO] [stderr] WARNING: Your kernel does not support swap limit capabilities or the cgroup is not mounted. Memory limited without swap.
[INFO] [stdout] c5ea9d654ef6746e3f1071826fc815b94e67ae8fce5455f7d41f407c290693fb
[INFO] running `Command { std: "docker" "start" "-a" "c5ea9d654ef6746e3f1071826fc815b94e67ae8fce5455f7d41f407c290693fb", kill_on_drop: false }`
[INFO] [stderr]    Compiling libc v0.2.66
[INFO] [stderr]    Compiling winapi v0.3.8
[INFO] [stderr]    Compiling iphlpapi-sys v0.0.1 (https://github.com/adumbidiot/iphlpapi-rs?rev=9d2708d#9d2708df)
[INFO] [stderr]    Compiling bitflags v1.2.1
[INFO] [stderr]     Checking strsim v0.8.0
[INFO] [stderr]     Checking ansi_term v0.11.0
[INFO] [stderr]     Checking atty v0.2.14
[INFO] [stdout] error[E0433]: failed to resolve: could not find `shared` in `winapi`
[INFO] [stdout]  --> /opt/rustwide/cargo-home/git/checkouts/iphlpapi-rs-65234980d2a26ce8/9d2708d/lib/iphlpapi-sys/src/lib.rs:6:5
[INFO] [stdout]   |
[INFO] [stdout] 6 |     shared::{
[INFO] [stdout]   |     ^^^^^^ could not find `shared` in `winapi`
[INFO] [stdout] 
[INFO] [stdout] 
[INFO] [stdout] error[E0433]: failed to resolve: could not find `um` in `winapi`
[INFO] [stdout]   --> /opt/rustwide/cargo-home/git/checkouts/iphlpapi-rs-65234980d2a26ce8/9d2708d/lib/iphlpapi-sys/src/lib.rs:19:5
[INFO] [stdout]    |
[INFO] [stdout] 19 |     um::winnt::PVOID,
[INFO] [stdout]    |     ^^ could not find `um` in `winapi`
[INFO] [stdout] 
[INFO] [stdout] 
[INFO] [stdout] error[E0432]: unresolved import `winapi::STRUCT`
[INFO] [stdout]   --> /opt/rustwide/cargo-home/git/checkouts/iphlpapi-rs-65234980d2a26ce8/9d2708d/lib/iphlpapi-sys/src/lib.rs:20:5
[INFO] [stdout]    |
[INFO] [stdout] 20 |     STRUCT,
[INFO] [stdout]    |     ^^^^^^ no `STRUCT` in the root
[INFO] [stdout] 
[INFO] [stdout] 
[INFO] [stdout] error: cannot determine resolution for the macro `STRUCT`
[INFO] [stdout]   --> /opt/rustwide/cargo-home/git/checkouts/iphlpapi-rs-65234980d2a26ce8/9d2708d/lib/iphlpapi-sys/src/lib.rs:61:1
[INFO] [stdout]    |
[INFO] [stdout] 61 | STRUCT! {
[INFO] [stdout]    | ^^^^^^
[INFO] [stdout]    |
[INFO] [stdout]    = note: import resolution is stuck, try simplifying macro imports
[INFO] [stdout] 
[INFO] [stdout] 
[INFO] [stdout] error: cannot determine resolution for the macro `STRUCT`
[INFO] [stdout]   --> /opt/rustwide/cargo-home/git/checkouts/iphlpapi-rs-65234980d2a26ce8/9d2708d/lib/iphlpapi-sys/src/lib.rs:51:1
[INFO] [stdout]    |
[INFO] [stdout] 51 | STRUCT! {
[INFO] [stdout]    | ^^^^^^
[INFO] [stdout]    |
[INFO] [stdout]    = note: import resolution is stuck, try simplifying macro imports
[INFO] [stdout] 
[INFO] [stdout] 
[INFO] [stdout] error: cannot determine resolution for the macro `STRUCT`
[INFO] [stdout]   --> /opt/rustwide/cargo-home/git/checkouts/iphlpapi-rs-65234980d2a26ce8/9d2708d/lib/iphlpapi-sys/src/lib.rs:27:1
[INFO] [stdout]    |
[INFO] [stdout] 27 | STRUCT! {
[INFO] [stdout]    | ^^^^^^
[INFO] [stdout]    |
[INFO] [stdout]    = note: import resolution is stuck, try simplifying macro imports
[INFO] [stdout] 
[INFO] [stdout] 
[INFO] [stdout] error[E0412]: cannot find type `IP_ADAPTER_INFO` in this scope
[INFO] [stdout]   --> /opt/rustwide/cargo-home/git/checkouts/iphlpapi-rs-65234980d2a26ce8/9d2708d/lib/iphlpapi-sys/src/lib.rs:49:34
[INFO] [stdout]    |
[INFO] [stdout] 49 | pub type PIP_ADAPTER_INFO = *mut IP_ADAPTER_INFO;
[INFO] [stdout]    |                                  ^^^^^^^^^^^^^^^ not found in this scope
[INFO] [stdout] 
[INFO] [stdout] 
[INFO] [stdout] error[E0412]: cannot find type `IP_ADDR_STRING` in this scope
[INFO] [stdout]   --> /opt/rustwide/cargo-home/git/checkouts/iphlpapi-rs-65234980d2a26ce8/9d2708d/lib/iphlpapi-sys/src/lib.rs:59:33
[INFO] [stdout]    |
[INFO] [stdout] 59 | pub type PIP_ADDR_STRING = *mut IP_ADDR_STRING;
[INFO] [stdout]    |                                 ^^^^^^^^^^^^^^ not found in this scope
[INFO] [stdout] 
[INFO] [stdout] 
[INFO] [stdout] error[E0412]: cannot find type `IP_ADDRESS_STRING` in this scope
[INFO] [stdout]   --> /opt/rustwide/cargo-home/git/checkouts/iphlpapi-rs-65234980d2a26ce8/9d2708d/lib/iphlpapi-sys/src/lib.rs:66:27
[INFO] [stdout]    |
[INFO] [stdout] 59 | pub type PIP_ADDR_STRING = *mut IP_ADDR_STRING;
[INFO] [stdout]    | ----------------------------------------------- similarly named type alias `PIP_ADDR_STRING` defined here
[INFO] [stdout] ...
[INFO] [stdout] 66 | pub type IP_MASK_STRING = IP_ADDRESS_STRING;
[INFO] [stdout]    |                           ^^^^^^^^^^^^^^^^^ help: a type alias with a similar name exists: `PIP_ADDR_STRING`
[INFO] [stdout] 
[INFO] [stdout] 
[INFO] [stdout] error[E0412]: cannot find type `ULONG` in this scope
[INFO] [stdout]   --> /opt/rustwide/cargo-home/git/checkouts/iphlpapi-rs-65234980d2a26ce8/9d2708d/lib/iphlpapi-sys/src/lib.rs:68:19
[INFO] [stdout]    |
[INFO] [stdout] 68 | pub type IPAddr = ULONG;
[INFO] [stdout]    |                   ^^^^^ not found in this scope
[INFO] [stdout] 
[INFO] [stdout] 
[INFO] [stdout] error[E0412]: cannot find type `PULONG` in this scope
[INFO] [stdout]   --> /opt/rustwide/cargo-home/git/checkouts/iphlpapi-rs-65234980d2a26ce8/9d2708d/lib/iphlpapi-sys/src/lib.rs:71:72
[INFO] [stdout]    |
[INFO] [stdout] 71 |     pub fn GetAdaptersInfo(AdapterInfo: PIP_ADAPTER_INFO, SizePointer: PULONG) -> ULONG;
[INFO] [stdout]    |                                                                        ^^^^^^ not found in this scope
[INFO] [stdout] 
[INFO] [stdout] 
[INFO] [stdout] error[E0412]: cannot find type `ULONG` in this scope
[INFO] [stdout]   --> /opt/rustwide/cargo-home/git/checkouts/iphlpapi-rs-65234980d2a26ce8/9d2708d/lib/iphlpapi-sys/src/lib.rs:71:83
[INFO] [stdout]    |
[INFO] [stdout] 71 |     pub fn GetAdaptersInfo(AdapterInfo: PIP_ADAPTER_INFO, SizePointer: PULONG) -> ULONG;
[INFO] [stdout]    |                                                                                   ^^^^^ not found in this scope
[INFO] [stdout] 
[INFO] [stdout] 
[INFO] [stdout] error[E0412]: cannot find type `PVOID` in this scope
[INFO] [stdout]   --> /opt/rustwide/cargo-home/git/checkouts/iphlpapi-rs-65234980d2a26ce8/9d2708d/lib/iphlpapi-sys/src/lib.rs:72:61
[INFO] [stdout]    |
[INFO] [stdout] 72 |     pub fn SendARP(DestIP: IPAddr, SrcIP: IPAddr, pMacAddr: PVOID, PhyAddrLen: PULONG) -> DWORD;
[INFO] [stdout]    |                                                             ^^^^^ not found in this scope
[INFO] [stdout] 
[INFO] [stdout] 
[INFO] [stdout] error[E0412]: cannot find type `PULONG` in this scope
[INFO] [stdout]   --> /opt/rustwide/cargo-home/git/checkouts/iphlpapi-rs-65234980d2a26ce8/9d2708d/lib/iphlpapi-sys/src/lib.rs:72:80
[INFO] [stdout]    |
[INFO] [stdout] 72 |     pub fn SendARP(DestIP: IPAddr, SrcIP: IPAddr, pMacAddr: PVOID, PhyAddrLen: PULONG) -> DWORD;
[INFO] [stdout]    |                                                                                ^^^^^^ not found in this scope
[INFO] [stdout] 
[INFO] [stdout] 
[INFO] [stdout] error[E0412]: cannot find type `DWORD` in this scope
[INFO] [stdout]   --> /opt/rustwide/cargo-home/git/checkouts/iphlpapi-rs-65234980d2a26ce8/9d2708d/lib/iphlpapi-sys/src/lib.rs:72:91
[INFO] [stdout]    |
[INFO] [stdout] 72 |     pub fn SendARP(DestIP: IPAddr, SrcIP: IPAddr, pMacAddr: PVOID, PhyAddrLen: PULONG) -> DWORD;
[INFO] [stdout]    |                                                                                           ^^^^^ not found in this scope
[INFO] [stdout] 
[INFO] [stdout] 
[INFO] [stderr]     Checking clap v2.33.0
[INFO] [stdout] error: aborting due to 15 previous errors
[INFO] [stdout] 
[INFO] [stdout] 
[INFO] [stdout] Some errors have detailed explanations: E0412, E0432, E0433.
[INFO] [stdout] 
[INFO] [stdout] For more information about an error, try `rustc --explain E0412`.
[INFO] [stdout] 
[INFO] [stderr] error: could not compile `iphlpapi-sys`.
[INFO] [stderr] 
[INFO] [stderr] To learn more, run the command again with --verbose.
[INFO] [stderr] warning: build failed, waiting for other jobs to finish...
[INFO] [stderr] error: build failed
[INFO] running `Command { std: "docker" "inspect" "c5ea9d654ef6746e3f1071826fc815b94e67ae8fce5455f7d41f407c290693fb", kill_on_drop: false }`
[INFO] running `Command { std: "docker" "rm" "-f" "c5ea9d654ef6746e3f1071826fc815b94e67ae8fce5455f7d41f407c290693fb", kill_on_drop: false }`
[INFO] [stdout] c5ea9d654ef6746e3f1071826fc815b94e67ae8fce5455f7d41f407c290693fb
